{"id":834,"date":"2014-03-18T09:49:29","date_gmt":"2014-03-18T09:49:29","guid":{"rendered":"http:\/\/the7.dream-demo.com\/business\/?page_id=2"},"modified":"2020-02-11T16:56:54","modified_gmt":"2020-02-11T15:56:54","slug":"homepages","status":"publish","type":"page","link":"https:\/\/lsbogh.dk\/","title":{"rendered":"Startside"},"content":{"rendered":"<div class=\"wpb-content-wrapper\"><p>[vc_row margin_bottom=&#8221;20&#8243;][vc_column width=&#8221;1\/2&#8243; offset=&#8221;vc_col-lg-6 vc_col-md-6 vc_col-xs-12&#8243;][vc_column_text]<\/p>\n<h4>Velkommen til LS Bogholderiservice<\/h4>\n<p>[\/vc_column_text][vc_empty_space height=&#8221;16px&#8221;][vc_column_text]Er du selvst\u00e6ndig, og er du tr\u00e6t af alt det papirarbejde som f\u00f8lger med?<\/p>\n<p>S\u00e5 er hj\u00e6lpen n\u00e6r.<\/p>\n<p>Jeg arbejder indenfor f\u00f8lgende brancher:<\/p>\n<p>Autov\u00e6rksted<\/p>\n<p>VVS<\/p>\n<p>Smedev\u00e6rksted<\/p>\n<p>Fris\u00f8r<\/p>\n<p>Restaurant<\/p>\n<p>Detailhandel<\/p>\n<p>&nbsp;<\/p>\n<p>LS Bogholderiservice, Sennelsvej 21, 7700 Thisted<\/p>\n<p>Cvr nr. 38296035, Mail: lene@lsbogh.dk, Telefon 30284209[\/vc_column_text][vc_empty_space height=&#8221;40px&#8221;][\/vc_column][vc_column width=&#8221;1\/2&#8243;]<style type=\"text\/css\" data-type=\"the7_shortcodes-inline-css\">.shortcode-single-image-wrap.shortcode-single-image-0cd774f34836f4f30cfe663ffdb5cbf7.enable-bg-rollover .rollover i,\n.shortcode-single-image-wrap.shortcode-single-image-0cd774f34836f4f30cfe663ffdb5cbf7.enable-bg-rollover .rollover-video i {\n  background: -webkit-linear-gradient();\n  background: linear-gradient();\n}\n.shortcode-single-image-wrap.shortcode-single-image-0cd774f34836f4f30cfe663ffdb5cbf7 .rollover-icon {\n  font-size: 32px;\n  color: #ffffff;\n  min-width: 44px;\n  min-height: 44px;\n  line-height: 44px;\n  border-radius: 100px;\n  border-style: solid;\n  border-width: 0px;\n}\n.dt-icon-bg-on.shortcode-single-image-wrap.shortcode-single-image-0cd774f34836f4f30cfe663ffdb5cbf7 .rollover-icon {\n  background: rgba(255,255,255,0.3);\n  box-shadow: none;\n}\n<\/style><div class=\"shortcode-single-image-wrap shortcode-single-image-0cd774f34836f4f30cfe663ffdb5cbf7 alignright  enable-bg-rollover dt-icon-bg-off\" style=\"margin-top:0px; margin-bottom:0px; margin-left:0px; margin-right:0px; width:500px;\"><div class=\"shortcode-single-image\"><div class=\"fancy-media-wrap  layzr-bg\" style=\"\"><img fetchpriority=\"high\" decoding=\"async\" class=\"preload-me lazy-load aspect\" src=\"data:image\/svg+xml,%3Csvg%20xmlns%3D&#39;http%3A%2F%2Fwww.w3.org%2F2000%2Fsvg&#39;%20viewBox%3D&#39;0%200%20500%20635&#39;%2F%3E\" data-src=\"https:\/\/lsbogh.dk\/wp-content\/uploads\/2014\/03\/Lene-500x635.jpg\" data-srcset=\"https:\/\/lsbogh.dk\/wp-content\/uploads\/2014\/03\/Lene-500x635.jpg 500w, https:\/\/lsbogh.dk\/wp-content\/uploads\/2014\/03\/Lene-1000x1270.jpg 1000w\" loading=\"eager\" sizes=\"(max-width: 500px) 100vw, 500px\" width=\"500\" height=\"635\"  data-dt-location=\"https:\/\/lsbogh.dk\/?attachment_id=14262\" style=\"--ratio: 500 \/ 635;\" alt=\"\" \/><\/div><\/div><\/div>[\/vc_column][\/vc_row][vc_row type=&#8221;vc_default&#8221; bg_type=&#8221;bg_color&#8221; bg_color_value=&#8221;#3b8ced&#8221; el_id=&#8221;ydelser&#8221;][vc_column]<div id=\"ultimate-heading-699869fe9fbdc40ac\" class=\"uvc-heading ult-adjust-bottom-margin ultimate-heading-699869fe9fbdc40ac uvc-7227  uvc-heading-default-font-sizes\" data-hspacer=\"no_spacer\"  data-halign=\"center\" style=\"text-align:center\"><div class=\"uvc-heading-spacer no_spacer\" style=\"top\"><\/div><div class=\"uvc-sub-heading ult-responsive\"  data-ultimate-target='.uvc-heading.ultimate-heading-699869fe9fbdc40ac .uvc-sub-heading '  data-responsive-json-new='{\"font-size\":\"\",\"line-height\":\"\"}'  style=\"font-weight:normal;color:#ffffff;margin-top:-30px;\"><\/p>\n<h3 style=\"text-align: center;\"><span style=\"color: #ffffff;\"><strong>Ydelser<\/strong><\/span><\/h3>\n<p><\/div><\/div>[\/vc_column][\/vc_row][vc_row][vc_column][vc_column_text]F\u00f8lgende opgaver kan jeg udf\u00f8re for din virksomhed, og kan tilpasses pr\u00e6cis til din virksomheds behov.<\/p>\n<p>Bogholderi opgaver:<\/p>\n<ul>\n<li>Bogf\u00f8ring<\/li>\n<li>Debitor og kreditorstyring<\/li>\n<li>Betalinger<\/li>\n<li>L\u00f8n<\/li>\n<li>Ans\u00e6ttelseskontrakter<\/li>\n<li>Afstemninger<\/li>\n<li>Fakturering<\/li>\n<\/ul>\n<p>Moms:<\/p>\n<ul>\n<li>Momsafstemning, kontrol<\/li>\n<li>Indberetning af moms<\/li>\n<\/ul>\n<p>Regnskab:<\/p>\n<ul>\n<li>Perioderegnskab<\/li>\n<li>Afstemt \u00e5rsregnskab med dokumentation til revisor<\/li>\n<li>Drifts- og likviditetsbudget<\/li>\n<\/ul>\n<p>Alle opgaver kan udf\u00f8res fra mit kontor eller i din virksomhed. Materiale kan enten sendes elektronisk, med post eller afleveres p\u00e5 mit kontor.[\/vc_column_text][\/vc_column][\/vc_row][vc_row type=&#8221;vc_default&#8221; bg_type=&#8221;bg_color&#8221; bg_color_value=&#8221;#3b8ced&#8221; el_id=&#8221;baggrund&#8221;][vc_column]<div id=\"ultimate-heading-648169fe9fbdc40c1\" class=\"uvc-heading ult-adjust-bottom-margin ultimate-heading-648169fe9fbdc40c1 uvc-6304  uvc-heading-default-font-sizes\" data-hspacer=\"no_spacer\"  data-halign=\"center\" style=\"text-align:center\"><div class=\"uvc-heading-spacer no_spacer\" style=\"top\"><\/div><div class=\"uvc-sub-heading ult-responsive\"  data-ultimate-target='.uvc-heading.ultimate-heading-648169fe9fbdc40c1 .uvc-sub-heading '  data-responsive-json-new='{\"font-size\":\"desktop:20px;\",\"line-height\":\"\"}'  style=\"font-weight:normal;color:#ffffff;margin-top:-30px;\"><\/p>\n<h3 style=\"text-align: center;\"><span style=\"color: #ffffff;\"><strong>Baggrund<\/strong><\/span><\/h3>\n<p><\/div><\/div>[\/vc_column][\/vc_row][vc_row][vc_column][vc_column_text]Jeg er uddannet regnskabsassistent og har en merkonom i regnskab. Jeg har arbejdet med bogholderi og regnskab, siden 1994.<\/p>\n<p>I mit samarbejde med kunder l\u00e6gger jeg stor v\u00e6gt p\u00e5:<\/p>\n<ul>\n<li>Personlig kontakt<\/li>\n<li>Tryghed og tillid<\/li>\n<li>Respekt og trov\u00e6rdighed<\/li>\n<li>Engagement og loyalitet<\/li>\n<\/ul>\n<p>Jeg er positiv, im\u00f8dekommende og altid i godt hum\u00f8r, og jeg s\u00e6tter en \u00e6re i at udf\u00f8re mit arbejde perfekt. Det g\u00e6lder ogs\u00e5 for overholdelse af aftaler og tidsfrister.<\/p>\n<p>Min tilgang til opgaver er engageret og nysgerrig, og jeg har \u00f8je for detaljen.<\/p>\n<p>Jeg elsker mit arbejde, og synes det er sp\u00e6ndende at hj\u00e6lpe sm\u00e5 og mellemstore virksomheder, s\u00e5 de f\u00e5r overblik over \u00f8konomien, med fokus p\u00e5 bedst mulig indtjening.<\/p>\n<p>Jeg holder mig ajour med lovgivningen indenfor mit arbejdsomr\u00e5de.[\/vc_column_text][\/vc_column][\/vc_row][vc_row type=&#8221;vc_default&#8221; bg_type=&#8221;bg_color&#8221; bg_color_value=&#8221;#3b8ced&#8221; el_id=&#8221;priser&#8221;][vc_column]<div id=\"ultimate-heading-578369fe9fbdc40cd\" class=\"uvc-heading ult-adjust-bottom-margin ultimate-heading-578369fe9fbdc40cd uvc-2598  uvc-heading-default-font-sizes\" data-hspacer=\"no_spacer\"  data-halign=\"center\" style=\"text-align:center\"><div class=\"uvc-heading-spacer no_spacer\" style=\"top\"><\/div><div class=\"uvc-sub-heading ult-responsive\"  data-ultimate-target='.uvc-heading.ultimate-heading-578369fe9fbdc40cd .uvc-sub-heading '  data-responsive-json-new='{\"font-size\":\"desktop:20px;\",\"line-height\":\"\"}'  style=\"font-weight:normal;color:#ffffff;margin-top:-30px;\"><\/p>\n<h3 style=\"text-align: center;\"><span style=\"color: #ffffff;\"><strong>Priser<\/strong><\/span><\/h3>\n<p><\/div><\/div>[\/vc_column][\/vc_row][vc_row][vc_column][vc_column_text]Du betaler en fast timepris kr. 325,00 excl. moms.<\/p>\n<p>F\u00e5r jeg bilagene i en pose, skal jeg naturligvis bruge ekstra tid p\u00e5 opgaven, f\u00e5r jeg derimod materialet sat i orden, er det meget nemmere for mig, og selvf\u00f8lgelig langt billigere for dig.<\/p>\n<p>Jeg er god til at optimere arbejdsgange, og jeg skal nok finde den bedste og billigste l\u00f8sning for dig.<\/p>\n<p>Et indledende m\u00f8de, hvor vi gennemg\u00e5r opgaverne m.v., er helt gratis og uforpligtende.<\/p>\n<p>Mulighederne er mange &#8211; kontakt mig for at h\u00f8re hvad jeg kan tilbyde dig.[\/vc_column_text][\/vc_column][\/vc_row][vc_row type=&#8221;vc_default&#8221; bg_type=&#8221;bg_color&#8221; bg_color_value=&#8221;#3b8ced&#8221; el_id=&#8221;kontakt&#8221;][vc_column]<div id=\"ultimate-heading-694069fe9fbdc40d5\" class=\"uvc-heading ult-adjust-bottom-margin ultimate-heading-694069fe9fbdc40d5 uvc-8620  uvc-heading-default-font-sizes\" data-hspacer=\"no_spacer\"  data-halign=\"center\" style=\"text-align:center\"><div class=\"uvc-heading-spacer no_spacer\" style=\"top\"><\/div><div class=\"uvc-sub-heading ult-responsive\"  data-ultimate-target='.uvc-heading.ultimate-heading-694069fe9fbdc40d5 .uvc-sub-heading '  data-responsive-json-new='{\"font-size\":\"\",\"line-height\":\"\"}'  style=\"font-weight:normal;margin-top:-30px;\"><\/p>\n<h3 style=\"text-align: center;\"><span style=\"color: #ffffff;\"><strong>Kontakt<\/strong><\/span><\/h3>\n<p><\/div><\/div>[\/vc_column][\/vc_row][vc_row][vc_column width=&#8221;1\/2&#8243;]<div class=\"aio-icon-component    style_1\"><div id=\"Info-box-wrap-1317\" class=\"aio-icon-box default-icon\" style=\"\"  ><div class=\"aio-icon-default\"><div class=\"ult-just-icon-wrapper  \"><div class=\"align-icon\" style=\"text-align:center;\">\n<div class=\"aio-icon none \"  style=\"color:#333;font-size:32px;display:inline-block;\">\n\t<i class=\"Defaults-phone\"><\/i>\n<\/div><\/div><\/div><\/div><div class=\"aio-icon-header\" ><h3 class=\"aio-icon-title ult-responsive\"  data-ultimate-target='#Info-box-wrap-1317 .aio-icon-title'  data-responsive-json-new='{\"font-size\":\"\",\"line-height\":\"\"}'  style=\"\">30 28 42 09<\/h3><\/div> <!-- header --><\/div> <!-- aio-icon-box --><\/div> <!-- aio-icon-component --><div class=\"aio-icon-component    style_1\"><div id=\"Info-box-wrap-8225\" class=\"aio-icon-box default-icon\" style=\"\"  ><div class=\"aio-icon-default\"><div class=\"ult-just-icon-wrapper  \"><div class=\"align-icon\" style=\"text-align:center;\">\n<div class=\"aio-icon none \"  style=\"color:#333;font-size:32px;display:inline-block;\">\n\t<i class=\"Defaults-envelope-o\"><\/i>\n<\/div><\/div><\/div><\/div><div class=\"aio-icon-header\" ><h3 class=\"aio-icon-title ult-responsive\"  data-ultimate-target='#Info-box-wrap-8225 .aio-icon-title'  data-responsive-json-new='{\"font-size\":\"\",\"line-height\":\"\"}'  style=\"\">lene@lsbogh.dk<\/h3><\/div> <!-- header --><\/div> <!-- aio-icon-box --><\/div> <!-- aio-icon-component --><div class=\"aio-icon-component    style_1\"><div id=\"Info-box-wrap-8228\" class=\"aio-icon-box default-icon\" style=\"\"  ><div class=\"aio-icon-default\"><div class=\"ult-just-icon-wrapper  \"><div class=\"align-icon\" style=\"text-align:center;\">\n<div class=\"aio-icon none \"  style=\"color:#333;font-size:32px;display:inline-block;\">\n\t<i class=\"Defaults-home\"><\/i>\n<\/div><\/div><\/div><\/div><div class=\"aio-icon-header\" ><h3 class=\"aio-icon-title ult-responsive\"  data-ultimate-target='#Info-box-wrap-8228 .aio-icon-title'  data-responsive-json-new='{\"font-size\":\"\",\"line-height\":\"\"}'  style=\"\">Sennelsvej 21, 7700 Thisted<\/h3><\/div> <!-- header --><\/div> <!-- aio-icon-box --><\/div> <!-- aio-icon-component -->[vc_gmaps link=&#8221;#E-8_JTNDaWZyYW1lJTIwc3JjJTNEJTIyaHR0cHMlM0ElMkYlMkZ3d3cuZ29vZ2xlLmNvbSUyRm1hcHMlMkZlbWJlZCUzRnBiJTNEJTIxMW0xOCUyMTFtMTIlMjExbTMlMjExZDgyNzc2LjgwODYyMzY4OTclMjEyZDguNjcxNTEyNzA3MTcwMjMzJTIxM2Q1Ni45NjIzMzQzMjg2NTk2OCUyMTJtMyUyMTFmMCUyMTJmMCUyMTNmMCUyMTNtMiUyMTFpMTAyNCUyMTJpNzY4JTIxNGYxMy4xJTIxM20zJTIxMW0yJTIxMXMweDQ2NDk5ZjRlNGY2NzY4OGYlMjUzQTB4MWFhOTE4OGNkY2MzN2VlYiUyMTJzU2VubmVsc3ZlaiUyQjIxJTI1MkMlMkI3NzAwJTJCVGhpc3RlZCUyMTVlMCUyMTNtMiUyMTFzZGElMjEyc2RrJTIxNHYxNDg5MjY4OTY5NjI4JTIyJTIwd2lkdGglM0QlMjI2MDAlMjIlMjBoZWlnaHQlM0QlMjI0NTAlMjIlMjBmcmFtZWJvcmRlciUzRCUyMjAlMjIlMjBzdHlsZSUzRCUyMmJvcmRlciUzQTAlMjIlMjBhbGxvd2Z1bGxzY3JlZW4lM0UlM0MlMkZpZnJhbWUlM0U=&#8221; size=&#8221;400&#8243;][\/vc_column][vc_column width=&#8221;1\/2&#8243;]\n<div class=\"wpcf7 no-js\" id=\"wpcf7-f14349-o1\" lang=\"da-DK\" dir=\"ltr\">\n<div class=\"screen-reader-response\"><p role=\"status\" aria-live=\"polite\" aria-atomic=\"true\"><\/p> <ul><\/ul><\/div>\n<form action=\"\/index.php?rest_route=%2Fwp%2Fv2%2Fpages%2F834#wpcf7-f14349-o1\" method=\"post\" class=\"wpcf7-form init\" aria-label=\"Kontaktformular\" novalidate=\"novalidate\" data-status=\"init\">\n<div style=\"display: none;\">\n<input type=\"hidden\" name=\"_wpcf7\" value=\"14349\" \/>\n<input type=\"hidden\" name=\"_wpcf7_version\" value=\"5.9.6\" \/>\n<input type=\"hidden\" name=\"_wpcf7_locale\" value=\"da_DK\" \/>\n<input type=\"hidden\" name=\"_wpcf7_unit_tag\" value=\"wpcf7-f14349-o1\" \/>\n<input type=\"hidden\" name=\"_wpcf7_container_post\" value=\"0\" \/>\n<input type=\"hidden\" name=\"_wpcf7_posted_data_hash\" value=\"\" \/>\n<\/div>\n<p><label> Dit navn (skal udfyldes)<br \/>\n<span class=\"wpcf7-form-control-wrap\" data-name=\"your-name\"><input size=\"40\" maxlength=\"80\" class=\"wpcf7-form-control wpcf7-text wpcf7-validates-as-required\" aria-required=\"true\" aria-invalid=\"false\" value=\"\" type=\"text\" name=\"your-name\" \/><\/span> <\/label>\n<\/p>\n<p><label> Din e-mail (skal udfyldes)<br \/>\n<span class=\"wpcf7-form-control-wrap\" data-name=\"your-email\"><input size=\"40\" maxlength=\"80\" class=\"wpcf7-form-control wpcf7-email wpcf7-validates-as-required wpcf7-text wpcf7-validates-as-email\" aria-required=\"true\" aria-invalid=\"false\" value=\"\" type=\"email\" name=\"your-email\" \/><\/span> <\/label>\n<\/p>\n<p><label> Emne<br \/>\n<span class=\"wpcf7-form-control-wrap\" data-name=\"your-subject\"><input size=\"40\" maxlength=\"80\" class=\"wpcf7-form-control wpcf7-text\" aria-invalid=\"false\" value=\"\" type=\"text\" name=\"your-subject\" \/><\/span> <\/label>\n<\/p>\n<p><label> Din besked<br \/>\n<span class=\"wpcf7-form-control-wrap\" data-name=\"your-message\"><textarea cols=\"40\" rows=\"10\" maxlength=\"400\" class=\"wpcf7-form-control wpcf7-textarea\" aria-invalid=\"false\" name=\"your-message\"><\/textarea><\/span> <\/label>\n<\/p>\n<p><input class=\"wpcf7-form-control wpcf7-submit has-spinner\" type=\"submit\" value=\"Send\" \/>\n<\/p><div class=\"wpcf7-response-output\" aria-hidden=\"true\"><\/div>\n<\/form>\n<\/div>\n[\/vc_column][\/vc_row]<\/p>\n<\/div>","protected":false},"excerpt":{"rendered":"<p>[vc_row margin_bottom=&#8221;20&#8243;][vc_column width=&#8221;1\/2&#8243; offset=&#8221;vc_col-lg-6 vc_col-md-6 vc_col-xs-12&#8243;][vc_column_text] Velkommen til LS Bogholderiservice [\/vc_column_text][vc_empty_space height=&#8221;16px&#8221;][vc_column_text]Er du selvst\u00e6ndig, og er du tr\u00e6t af alt det papirarbejde som f\u00f8lger med? S\u00e5 er hj\u00e6lpen n\u00e6r. Jeg arbejder indenfor f\u00f8lgende brancher: Autov\u00e6rksted VVS Smedev\u00e6rksted Fris\u00f8r Restaurant Detailhandel &nbsp; LS Bogholderiservice, Sennelsvej 21, 7700 Thisted Cvr nr. 38296035, Mail: lene@lsbogh.dk, Telefon 30284209[\/vc_column_text][vc_empty_space height=&#8221;40px&#8221;][\/vc_column][vc_column&hellip;<\/p>\n","protected":false},"author":2,"featured_media":0,"parent":0,"menu_order":0,"comment_status":"closed","ping_status":"closed","template":"template-microsite.php","meta":{"footnotes":""},"_links":{"self":[{"href":"https:\/\/lsbogh.dk\/index.php?rest_route=\/wp\/v2\/pages\/834"}],"collection":[{"href":"https:\/\/lsbogh.dk\/index.php?rest_route=\/wp\/v2\/pages"}],"about":[{"href":"https:\/\/lsbogh.dk\/index.php?rest_route=\/wp\/v2\/types\/page"}],"author":[{"embeddable":true,"href":"https:\/\/lsbogh.dk\/index.php?rest_route=\/wp\/v2\/users\/2"}],"replies":[{"embeddable":true,"href":"https:\/\/lsbogh.dk\/index.php?rest_route=%2Fwp%2Fv2%2Fcomments&post=834"}],"version-history":[{"count":83,"href":"https:\/\/lsbogh.dk\/index.php?rest_route=\/wp\/v2\/pages\/834\/revisions"}],"predecessor-version":[{"id":14364,"href":"https:\/\/lsbogh.dk\/index.php?rest_route=\/wp\/v2\/pages\/834\/revisions\/14364"}],"wp:attachment":[{"href":"https:\/\/lsbogh.dk\/index.php?rest_route=%2Fwp%2Fv2%2Fmedia&parent=834"}],"curies":[{"name":"wp","href":"https:\/\/api.w.org\/{rel}","templated":true}]}}